et f be d(k). Suppose 0 = 4*g - 8, f*m + 6 = 3*g - 4. Let v(s) = 6*s + 3. Calculate v(m).
-9
Let s(x) = -x**2 + 10*x + 11. Let r(a) = a**3 + 18*a**2 - 7*a + 4. Let q be r(-8). Let p = q + -690. Determine s(p).
11
Let j(g) = 2*g**3 - 3*g**2 + 1. Let l be ((-83)/3)/((-40)/(-960)). Let x = l - -663. Calculate j(x).
-4
Suppose 0 = -3*r + 45 + 60. Let c be 3/(-4) + r/20. Let h be (-23 + 20)/(c + 0). Let o(k) = k**2 + 8*k + 4. Calculate o(h).
-11
Let r(z) = 2*z**2 - 13*z + 16. Let u be r(5). Let f be u - -5 - -2 - -1. Let s(l) = -l**3 + 10*l**2 - 6*l - 5. Calculate s(f).
22
Let t(v) = v**2 + 11*v + 7. Let r(g) = -g + 107. Let z(y) = 71. Let d(c) = -5*r(c) + 7*z(c). Let m be d(6). Calculate t(m).
-17
Let x(l) = -7*l**2 - 3*l - 5. Let s be 12*(26/91)/((-100)/35 - -4). Determine x(s).
-77
Let l(z) = z**3 - 4*z**2 - 1 - z**3 - z + z**3. Suppose -20 = -11809*t + 11804*t. Determine l(t).
-5
Let u(k) be the first derivative of -k**3/3 - 4*k**2 + 33*k - 4017. Give u(-11).
0
Let d(r) = r**3 - 3*r**2 + 3*r. Suppose 2*x + 24*n + 4 = 22*n, -4*n - 7 = 3*x. Let c be (x/(-3))/(129/18 - 7). Determine d(c).
2
Let z(y) be the second derivative of -y**3/6 - 7*y**2/2 + 4*y. Let p(w) = -10 + 12 + 21 - 2*w + 3*w. Let j be p(-26). What is z(j)?
-4
Let t(l) = -6*l**3 - 5*l**2 - l - 7. Let j(w) = 11*w**3 + 9*w**2 + w + 13. Let x(k) = 4*j(k) + 7*t(k). Suppose -13520*s + 13629*s - 218 = 0. Calculate x(s).
17
Let j be 24/9*264/(-704). Let o(a) = -5*a + 9. What is o(j)?
14
Let z(l) = 2*l**3 - 32*l**2 - 328*l + 135. Let a be z(23). Let u(g) = g + 1. Let y(f) = f**3 + 4*f**2 - f - 5. Let d(w) = -2*u(w) - y(w). Give d(a).
-3
Suppose -22*q + 21*q = 4. Let o(f) = 2 + 3 + 1 - 2*f - 4. What is o(q)?
10
Let s(j) = 2*j**2 - 17*j - 2. Let k be 1 + ((-2*6)/(-6) - (-14 + 9)). Calculate s(k).
-10
Let d(m) = m**3 - 4*m**2 - 55*m + 7. Suppose -3 = 2*g - j, 0 = 5*j + j + 54. Determine d(g).
-23
Let a(n) = 2*n**2 - 2*n - 4. Let w(z) = 2*z**2 - 2*z - 4. Let x(y) = -7*a(y) + 6*w(y). Let m = 60324 - 60321. Calculate x(m).
-8
Let s(m) = 43*m + 13. Let d(c) = 69*c + 21. Let v(o) = 5*d(o) - 8*s(o). Let g be (9 - (3 - 4))/(-2). Let h(t) = t - 2. Let u be h(g). Calculate v(u).
-6
Suppose -16*o - 51*o - 536 = 0. Let j(f) be the third derivative of -1/60*f**5 - 1/4*f**4 + f**2 + 0*f + 0 + 2/3*f**3. Determine j(o).
-12
Suppose 28*t + 240*t = 268. Let m(f) = -2*f + 15. What is m(t)?
13
Suppose -f - 4*k + 16 = f, 5*k - 13 = f. Let m(t) = -t + 6*t**2 + 5*t**2 - 7 + 24*t**3 - 23*t**3 - 4*t**f. Give m(-7).
0
Suppose -3*t + 3*x + 6 = t, 30 = -5*x. Let r(q) = q**3 + 4*q**2 + 4*q + 11. Determine r(t).
8
Let w(o) = 29*o + 620224 - 620200 - 27*o**2 - 5*o**3 + 4*o**3. What is w(-28)?
-4
Let x(y) = -y**3 + 6*y**2 + y - 3. Let m(a) = 2*a**3 - 7*a**2 - 2*a + 2. Let c(f) = -2*m(f) - 3*x(f). Let j = -10277 - -10273. Give c(j).
1
Let d(b) = -b + 1. Let h be (318/(-30) + 7)*5. Let j be (-220)/(-495)*h/(-4). What is d(j)?
-1
Let m(u) = -3*u + 29. Let n be (2/(-10)*4)/(19/((-6460)/17)). What is m(n)?
-19
Let a(h) = -h**3 + 7*h**2 - 6*h + 7. Let y be a(6). Suppose 843 - 617 = p. Let s(m) = p + 7*m**3 - 6*m**3 - 2*m - 225 - 7*m**2. Calculate s(y).
-13
Let f = 868 - 903. Let g(q) = q**3 + 34*q**2 - 34*q + 42. Calculate g(f).
7
Let c be ((-195)/(-260))/((-3)/(-84)). Let g(t) = -t**2 + 20*t + 21. Calculate g(c).
0
Let n(p) = -385*p**2 + 5*p + 194*p**2 + 190*p**2 - 12 + 3 + 2. Determine n(-3).
-31
Let l(q) = -6*q**2 + 2*q - 3. Let f(h) = -17*h**2 + 6*h - 9. Let o(u) = -2*f(u) + 7*l(u). Let k(c) = -2*c**2 + c - 1. Let t(v) = -3*k(v) + o(v). Give t(3).
-21
Let b(q) = 2*q - 24. Let s be b(14). Suppose 5*a - 25 = -4*k, 2*a + 0*a + s*k - 22 = 0. Let h(g) = g. Let y(n) = n**2. Let u(i) = a*h(i) + y(i). What is u(2)?
6
Let b = 3056 - 3039. Let m(a) = a + 5. Give m(b).
22
Let s(k) = 2*k**2 + k + 2. Let u be s(-1). Let h(a) = 2*a**2 - a**u + 100 - 9*a**2 - 44 - 52. Determine h(-7).
4
Let v(x) = 255*x - 218. Let y(h) = 704*h - 655. Let g(d) = 8*v(d) - 3*y(d). Give g(3).
5
Suppose j - 17 = 4*d - 0*d, -22 = 4*d - 2*j. Let t be (-1)/d + 124/(-3). Let q = -40 - t. Let s(r) = -r**2 + r - 1. Determine s(q).
-1
Let x(j) = -j**2 - j. Let d(f) = 1. Suppose -8 + 6 = -2*s. Let h(q) = s*x(q) + 3*d(q). Let u = 8 + -11. Give h(u).
-3
Let p(j) = -j**2 + 10*j - 5. Let o be (5 - (-260)/(-8))*12/(-10). Suppose 9*n - o = 6*n + 3*q, -5*n - 2*q + 41 = 0. Calculate p(n).
4
Let v(f) = 13 + 9 + 11 + f - 43 + 4. Determine v(11).
5
Let n = -118 + 118. Let b(s) = -7*s - 5. What is b(n)?
-5
Let c(m) = 165*m - 1813. Let z be c(11). Let r = -10 + 13. Let s(i) = -3*i**r + 1 + 2*i**3 + 0*i**3. Determine s(z).
-7
Let l = -8 + -2. Let q = 11 + l. Let n(b) = -6*b + 9. Let d(p) = 8*p - 11. Let f(t) = -4*d(t) - 5*n(t). Determine f(q).
-3
Let m(o) = -o + 3. Suppose -78*d + 75*d = -75. Suppose 2*h + d - 35 = 0. What is m(h)?
-2
Let b(l) be the second derivative of l**4/12 + 23*l**3/6 + 28*l**2 + 3*l. Let q be b(-23). Let c(g) = 32*g + 30*g - q*g. Determine c(1).
6
Let g be -1 - 0 - (-4)/(-1). Let q(f) be the third derivative of -f**5/60 - 3*f**4/8 + f**3/6 + 55*f**2 + f. Give q(g).
21
Suppose -6*j + 1638 = 12*j. Let m(h) = -j*h + 76*h + 1 - 4 + 2. Calculate m(-1).
14
Let s(x) be the first derivative of x**6/120 - 3*x**5/20 + x**4/3 + 3*x**3/2 - 14*x**2 + 160. Let v(g) be the second derivative of s(g). Determine v(7).
-33
Let c(n) = n**2 - 11*n + 26. Let d = 6595 + -6593. Calculate c(d).
8
Suppose 0*m - 5 = -4*m + 5*d, -2*m - 20 = 2*d. Let q(w) be the first derivative of w**3/3 + 29*w - 85. Let h(l) be the first derivative of q(l). Give h(m).
-10
Let l(q) = -13*q - 3. Let a be l(-2). Let t(k) be the second derivative of -k**4/12 + 11*k**3/3 + 12*k**2 + 31335*k. Determine t(a).
1
Let h(n) = 7*n + 31. Suppose 2*g = -s - 13, 5*g + s - 177 + 205 = 0. What is h(g)?
-4
Let h(d) = 14*d - 3. Let w(x) = -5*x + 1. Let m be -32 + 22 - (-1 + (0 - 0)). Let z be ((-1)/(-7 - m))/(2/(-32)). Let n(f) = z*w(f) + 3*h(f). Calculate n(2).
3
Suppose 10*h = -19 + 29. Let l(t) = 8*t + 1 + 4 - t**2 - h - 10. Give l(6).
6
Let c(p) = -p**3 + 24*p**2 - 43*p - 19. Let x(r) = r**2 - 112*r + 658. Let s be x(6). Determine c(s).
3
Suppose 0 = 5*g - 0 + 30. Let s(h) be the first derivative of -h**3/3 - 5*h**2/2 + 5*h - 349. Give s(g).
-1
Let j(i) = -i**2 - 438*i + 4482. Let z be j(10). Let f(y) = -2*y**3 + 5*y**2 + 9*y - 10. Determine f(z).
12
Let d(c) = -641*c - 3210. Let s be d(-5). Let z(k) = -k**2 - 40*k - 195. What is z(s)?
-20
Let x(t) = 63*t - 36*t + t**2 - 8 + 4 - 33*t - 39*t. What is x(0)?
-4
Let p = 37071 + -37079. Let i(l) = -2*l**2 - 9*l + 2. Give i(p).
-54
Let h = -4933 - -4921. Let x(a) = -4*a - 63. Determine x(h).
-15
Suppose 55*x = -814 + 154. Let j(f) = -2*f - 44. Calculate j(x).
-20
Let q(g) = -7*g - 229. Let n(a) = -a - 77. Let u(y) = 11*n(y) - 4*q(y). What is u(-5)?
-16
Let y(c) = 6*c - 7. Let j be y(-5). Let t(w) = -w**3 - 7*w**2 - 5*w + 2. Let l be t(-7). Let i = j + l. Let f(h) = -h**3 - 5. Give f(i).
-5
Let a(m) = m**2 - 3*m - 15. Let r be 0 + 6 + (1 - 2) - (20 - 20). What is a(r)?
-5
Let p(b) be the second derivative of 1/2*b**3 + 5/2*b**2 - 32*b - 2. Give p(-5).
-10
Suppose 0 = -169*m + 196*m - 270. Let u(b) = b**2 - 11*b + 7. Determine u(m).
-3
Let w(q) = -q**3 + 2*q**2 + 53*q + 100. Let s be w(9). Let h(a) = a**3 - 9*a**2 - 10*a - 8. Determine h(s).
-8
Suppose 4*b + 2*p = -116 - 32, -4*b = 4*p + 144. Let s(a) = -a**3 - 40*a**2 - 71*a + 183. Calculate s(b).
-7
Let t(l) = -3*l**3 - 7*l**2 + 1. Let w(i) = -4*i**3 - 8*i**2 + i + 1. Let v(o) = 3*t(o) - 2*w(o). Suppose 0 = 458*s - 448*s + 50. What is v(s)?
11
Let p(s) = 2 - 6 - 3*s**2 + 9 + s. Let w(n) = n**2 - 37*n - 258. Let h be w(43). Give p(h).
5
Let w(n) be the second derivative of -n**3/6 - 3*n**2/2 + 46*n + 10. Give w(-14).
11
Let p = -298 - -276. Let l = 22 + p. Let d(j) = j**3 + j**2 + j + 4. Give d(l).
4
Let r(c) be the first derivative of -c**2/2 - 11*c + 148. Let h be r(-10). Let x(f) = 9*f**3 - 2*f - 1. Calculate x(h).
-8
Let n(l) = -2 + 96*l - 232 + 30 - 6*l - 340. Give n(6).
-4
Let v(t) = -9*t - 1. Let w = 8859 - 8855. Give v(w).
-37
Let t be (-6 - (106/(-22) - 1))*(-22)/8. Let d(p) be the second derivative of -t*p**2 - p**3 + 0 - 27*p. Calculate d(3).
-19
Suppose -t = -0*p - 2*p - 29, 0 = -4*p + 8. Suppose 2*z + t = 23.